7, what is -2 + 320324?
320322
In base 11, what is -27a - -190?
-9a
In base 2, what is -11110011 + 110000?
-11000011
In base 15, what is 21 - -169?
18a
In base 4, what is 12022 - 103132?
-31110
In base 6, what is 5 + 2340?
2345
In base 4, what is 3133 + -123231?
-120032
In base 5, what is 1 - -12142?
12143
In base 2, what is -10 + -11000100100001110?
-11000100100010000
In base 9, what is -167422 + -1?
-167423
In base 11, what is 3 + -41779?
-41776
In base 8, what is -24 + 11062?
11036
In base 4, what is -3 + 231321?
231312
In base 7, what is -223 + -333?
-556
In base 5, what is -13440 - -241?
-13144
In base 11, what is -3409 + 560?
-2959
In base 2, what is 1011100111 - -111110110?
10011011101
In base 4, what is -23 - 1031103?
-1031132
In base 16, what is -b62db + 0?
-b62db
In base 5, what is 33312 + -122?
33140
In base 14, what is 19 - 7c?
-63
In base 8, what is 34 - -57510?
57544
In base 6, what is -322 + 1242?
520
In base 12, what is 13349 - -4?
13351
In base 2, what is -101 - 1010100111111010100?
-1010100111111011001
In base 13, what is 0 + 49c59?
49c59
In base 9, what is -1210 + -255?
-1465
In base 9, what is 4 - 20536?
-20532
In base 2, what is 1101010110111 + -11110001?
1100111000110
In base 11, what is -23 + -59?
-81
In base 16, what is 2 + -e66?
-e64
In base 2, what is -100010001000 + -1100001001?
-101110010001
In base 4, what is 1122233 + -22?
1122211
In base 2, what is 100000100 + 100000000111?
100100001011
In base 10, what is -45 + -26145?
-26190
In base 3, what is 220110121 + 2?
220110200
In base 14, what is 4 + -508d?
-5089
In base 7, what is 14 + 1566256?
1566303
In base 9, what is 6 + -28857?
-28851
In base 6, what is 133110 - -4?
133114
In base 10, what is -2720 - 2?
-2722
In base 16, what is daf9 - 0?
daf9
In base 12, what is -80 - -102?
42
In base 2, what is 1 + 1110100001?
1110100010
In base 3, what is 1022 + -12221102?
-12220010
In base 7, what is 1 + 64205?
64206
In base 2, what is -10001010001111001 - 100101?
-10001010010011110
In base 11, what is -14 + 2462?
2449
In base 12, what is 20 + -1a1a4?
-1a184
In base 16, what is -5 - 1d149?
-1d14e
In base 14, what is 13 - -a93a?
a94d
In base 11, what is -5054 + -2?
-5056
In base 2, what is 100010000100011011 - 11?
100010000100011000
In base 15, what is -6 - 1d8d6?
-1d8dc
In base 14, what is -408655 + -5?
-40865a
In base 9, what is 0 + -2054235?
-2054235
In base 3, what is -10100 + 21100121?
21020021
In base 7, what is 60 - 164?
-104
In base 6, what is -20053134 + 3?
-20053131
In base 13, what is 433200 + 3?
433203
In base 14, what is -d3 - -307?
214
In base 13, what is -267 - 58?
-2c2
In base 10, what is -4 + 3564?
3560
In base 3, what is 1022100 - -1111122?
2210222
In base 13, what is 3 + -c53?
-c50
In base 7, what is 433 + 254?
1020
In base 13, what is 16 + 671?
687
In base 2, what is -100 + 101111100000011?
101111011111111
In base 15, what is -2 - 62?
-64
In base 6, what is -1154125 - 10?
-1154135
In base 10, what is -513 - 100?
-613
In base 8, what is 15761750 - 4?
15761744
In base 10, what is 0 - 48335?
-48335
In base 10, what is 14365 + 2?
14367
In base 2, what is -1001101001001011 - -110001?
-1001101000011010
In base 13, what is 7 + 3ab?
3b5
In base 2, what is 1000101001001000110 + -100?
1000101001001000010
In base 11, what is 5065 + 8?
5072
In base 15, what is -409 - -e?
-3ea
In base 5, what is 12 + 30401143?
30401210
In base 10, what is -29625 + -4?
-29629
In base 12, what is 75 + -10?
65
In base 2, what is 110000010010000 - -100011?
110000010110011
In base 14, what is -10196 + d?
-10187
In base 8, what is 2 + -63475?
-63473
In base 13, what is -3 - 46034?
-46037
In base 6, what is -4 - 22021?
-22025
In base 11, what is 0 + 545?
545
In base 9, what is 15 - 2364?
-2348
In base 4, what is -1012011300 + 3?
-1012011231
In base 11, what is 27a - 806a?
-78a0
In base 15, what is 2a7 - -1ae?
466
In base 4, what is -10 + -32120020?
-32120030
In base 14, what is 111 - -25d?
370
In base 12, what is 5929 + -230?
56b9
In base 7, what is -5 + 1604061?
1604053
In base 3, what is -1211111122210 - 1?
-1211111122211
In base 11, what is -15308 - -5?
-15303
In base 10, what is -2 - -322578?
322576
In base 15, what is -10 - -1661?
1651
In base 8, what is -76744 + 3?
-76741
In base 13, what is 4a - b5c?
-b12
In base 14, what is 12a05c + 3?
12a061
In base 11, what is -18 + 1646?
1629
In base 3, what is -21 + -1002021202210?
-1002021210001
In base 14, what is 1260 - a?
1254
In base 12, what is 3 + 5883?
5886
In base 15, what is 5 - 1ad9?
-1ad4
In base 12, what is -2807 + 23?
-27a4
In base 11, what is -6 - -1910a?
19104
In base 11, what is 686 + -364?
322
In base 5, what is 443400030 + -4?
443400021
In base 5, what is -1011 + -2124?
-3140
In base 16, what is -66e7 + 4?
-66e3
In base 16, what is 2317 - 5?
2312
In base 10, what is 9 + 105098?
105107
In base 4, what is -13 - -3201020?
3201001
In base 8, what is 5 + 254404?
254411
In base 6, what is 213232 + 50?
213322
In base 8, what is 31 + 1023?
1054
In base 15, what is 15d - 20?
13d
In base 11, what is -49846 - 5?
-49850
In base 4, what is -222111113 - 0?
-222111113
In base 5, what is -20013400 + -21?
-20013421
In base 2, what is 1000010 - 111010000010001?
-111001111001111
In base 5, what is -102 - 12331?
-12433
In base 12, what is -124 + -93a?
-a62
In base 16, what is -11 + -22b3?
-22c4
In base 13, what is -c + -10b5?
-10c4
In base 14, what is -2659 + -20?
-2679
In base 8, what is -176151 + -3?
-176154
In base 3, what is -2011121 - 12212111?
-22001002
In base 2, what is -110110010110100101 + 101?
-110110010110100000
In base 2, what is -11010101101 + 10100111?
-11000000110
In base 9, what is -652 + 1665?
1013
In base 16, what is 21a + -34?
1e6
In base 2, what is 11 - 1110100111101110100?
-1110100111101110001
In base 10, what is 34 - 140994?
-140960
In base 13, what is 2bc9 + 0?
2bc9
In base 10, what is -82 + 6882?
6800
In base 13, what is -313711 - 5?
-313716
In base 2, what is 110001 - 11010011010001000?
-11010011001010111
In base 11, what is 18 - 22213?
-221a6
In base 6, what is 20041 - 5431?
10210
In base 12, what is -40 - 22b6?
-2336
In base 7, what is -135 + 306?
141
In base 13, what is 15 + 7b107?
7b11c
In base 3, what is 1 + 12020112?
12020120
In base 14, what is 18 + 529?
543
In base 7, what is 64315113 + -5?
64315105
In base 2, what is 1111 + -100010011110001011?
-100010011101111100
In base 3, what is 202120 - -101002?
1010122
In base 15, what is 1759d7 + 2?
1759d9
In base 3, what is 11220001110 + 1?
11220001111
In base 12, what is 0 + -2919?
-2919
In base 16, what is 3c1075 + -5?
3c1070
In base 6, what is -2 - -322535?
322533
In base 7, what is 6 + 4324?
4333
In base 6, what is -524 + 1500?
532
In base 10, what is -1735 + 44?
-1691
In base 12, what is b1a01 - 24?
b1999
In base 9, what is -4 - 10504?
-10508
In base 4, what is -30 - 1222222?
-1222312
In base 9, what is 830534 + -5?
830528
In base 6, what is 25203544 - 1?
25203543
In base 4, what is 233 - 111021?
-110122
In base 15, what is -81c - -4?
-818
In base 12, what is -418 - -107?
-311
In base 9, what is -48 - 78607?
-78656
In base 10, what is 4 + -146889?
-146885
In base 2, what is -10101111001010 + 1110?
-10101110111100
In base 12, what is -60b5 - b?
-6104
In base 4, what is 10301 - -1113?
12020
In base 10, what is -5 + 99196?
99191
In base 3, what is -10222110222 + -10?
-10222111002
In base 7, what is 550 - 6040?
-5160
In base 3, what is 22101022 + 1?
22101100
In base 14, what is 746b5d - -3?
746b62
In base 9, what is -110175 - -1?
-110174
In base 8, what is 1444 - 32?
1412
In base 10, what is 1 - -110723?
110724
In base 10, what is -8 - 33255?
-33263
In base 16, what is -2 - -f4c9?
f4c7
In base 15, what is 1 - 39e5?
-39e4
In base 8, what is 4 + 3?
7
In base 5, what is -1134432 + 13?
-1134414
In base 12, what is -58 - -9bb?
963
In base 5, what is 4 + 324113203?
324113212
In base 15, what is -dd2e - -23?
-dd0b
In base 8, what is -12 - -227567?
227555
In base 13, what is 3 - -1b05?
1b08
In base 16, what is 43b6 - -3?
43b9
In base 12, what is 3 - -6b94?
6b97
In base 7, what is 11 - -5333?
5344
In base 12, what is -2 + 6266a?
62668
In base 2, what is -101111001010 - 101?
-101111001111
In base 12, what is -48b8 + 15?
-48a3
In base 6, what is -42204 + 4?
-42200
In base 13, wha